 a multiple of 568?
True
Is 47 a factor of 221907?
False
Is 5343625 a multiple of 875?
True
Is 3538 a multiple of 16?
False
Does 80 divide 7873708?
False
Is 1709666 a multiple of 30?
False
Is 1674 a factor of 17911800?
True
Is 61 a factor of 1172047?
False
Is 142176 a multiple of 32?
True
Does 14 divide 47990?
False
Is 211 a factor of 1384371?
True
Is 25 a factor of 587634?
False
Is 139 a factor of 2178269?
True
Is 13172134 a multiple of 37?
False
Is 461 a factor of 262625?
False
Does 58 divide 71920?
True
Is 599872 a multiple of 416?
True
Is 1366986 a multiple of 411?
True
Does 169 divide 4106193?
True
Does 94 divide 179540?
True
Is 2774763 a multiple of 9?
True
Is 299819 a multiple of 16?
False
Is 1151264 a multiple of 32?
True
Does 72 divide 802282?
False
Is 14693088 a multiple of 1312?
True
Is 497970 a multiple of 11?
True
Does 16 divide 822659?
False
Is 8668742 a multiple of 17?
True
Is 288 a factor of 642240?
True
Does 56 divide 1959295?
False
Does 26 divide 803?
False
Is 17911637 a multiple of 148?
False
Does 65 divide 749158?
False
Does 251 divide 153639?
False
Does 8 divide 17532127?
False
Does 61 divide 4235718?
True
Is 78 a factor of 49764?
True
Is 671 a factor of 107322?
False
Is 2 a factor of 29163?
False
Is 892 a factor of 2922192?
True
Is 3284088 a multiple of 709?
True
Is 4 a factor of 518295?
False
Is 14 a factor of 16996?
True
Is 390 a factor of 24035?
False
Does 574 divide 157443?
False
Does 61 divide 22021?
True
Is 75 a factor of 20763?
False
Is 323 a factor of 71854?
False
Is 87402 a multiple of 42?
True
Does 396 divide 746444?
False
Is 60114 a multiple of 35?
False
Is 61 a factor of 12937612?
True
Is 21 a factor of 328647?
False
Is 449655 a multiple of 446?
False
Is 1196395 a multiple of 13?
False
Does 103 divide 385812?
False
Is 445950 a multiple of 10?
True
Is 252 a factor of 1866577?
False
Does 236 divide 449344?
True
Does 73 divide 3555757?
True
Does 363 divide 9443808?
True
Does 110 divide 1733537?
False
Is 11984100 a multiple of 60?
True
Is 25 a factor of 20671375?
True
Does 83 divide 559403?
False
Is 35 a factor of 16764020?
True
Does 4 divide 128778?
False
Does 2 divide 6580?
True
Is 699 a factor of 1726482?
False
Is 6 a factor of 122796?
True
Does 85 divide 175591?
False
Is 17 a factor of 59534?
True
Does 221 divide 1080690?
True
Does 205 divide 200900?
True
Is 1293948 a multiple of 550?
False
Does 160 divide 20993688?
False
Does 44 divide 576752?
True
Does 69 divide 9150849?
True
Is 37 a factor of 153140?
False
Is 11128 a multiple of 16?
False
Is 632228 a multiple of 716?
True
Is 155 a factor of 995831?
False
Is 1875500 a multiple of 250?
True
Is 77 a factor of 5186104?
True
Does 2 divide 79231?
False
Does 81 divide 1861254?
False
Is 368 a factor of 1105840?
True
Does 19 divide 20349?
True
Is 123 a factor of 906122?
False
Does 16 divide 22496?
True
Is 9 a factor of 118997?
False
Does 183 divide 2917386?
True
Is 999058 a multiple of 12?
False
Is 637 a factor of 529984?
True
Is 76 a factor of 1821835?
False
Does 52 divide 155844?
True
Is 5 a factor of 3767?
False
Is 32625 a multiple of 87?
True
Is 532 a factor of 363356?
True
Does 17 divide 4393?
False
Is 126606 a multiple of 3?
True
Is 16 a factor of 1697968?
True
Does 56 divide 25928?
True
Is 92460 a multiple of 46?
True
Is 254750 a multiple of 10?
True
Is 51425 a multiple of 8?
False
Is 2004276 a multiple of 41?
False
Does 442 divide 12599652?
True
Does 160 divide 425280?
True
Is 19100772 a multiple of 742?
False
Is 22 a factor of 7937498?
False
Does 2 divide 24413?
False
Does 103 divide 365238?
True
Is 20339088 a multiple of 598?
False
Does 210 divide 785820?
True
Is 116 a factor of 729782?
False
Is 311441 a multiple of 899?
False
Does 37 divide 214896?
True
Is 75 a factor of 1481320?
False
Does 4 divide 12204?
True
Is 238 a factor of 12613762?
True
Is 7515705 a multiple of 151?
False
Is 31 a factor of 73749?
True
Does 388 divide 335528?
False
Is 48 a factor of 3415056?
True
Does 306 divide 240210?
True
Is 18022480 a multiple of 35?
True
Is 124769 a multiple of 13?
False
Does 680 divide 1339611?
False
Is 124 a factor of 137575?
False
Is 227 a factor of 570333?
False
Is 3824691 a multiple of 13?
True
Is 119 a factor of 304878?
True
Is 131 a factor of 3398533?
True
Is 2509052 a multiple of 38?
False
Is 32759569 a multiple of 20?
False
Is 99941 a multiple of 15?
False
Is 95469 a multiple of 306?
False
Does 117 divide 127314?
False
Does 281 divide 646551?
False
Is 15 a factor of 2145840?
True
Does 47 divide 192512?
True
Does 11 divide 2115388?
True
Is 12 a factor of 170712?
True
Is 2 a factor of 7051?
False
Is 12 a factor of 2943?
False
Is 30 a factor of 1233261?
False
Does 1032 divide 22555106?
False
Is 166267 a multiple of 86?
False
Is 1798424 a multiple of 572?
False
Is 49 a factor of 3235519?
True
Is 9576 a multiple of 63?
True
Does 288 divide 2952864?
True
Is 9 a factor of 76458?
False
Is 291276 a multiple of 186?
True
Is 10 a factor of 3358880?
True
Does 35 divide 2098635?
True
Is 19 a factor of 1981600?
False
Does 10 divide 26668060?
True
Is 10 a factor of 4523784?
False
Is 14 a factor of 36412?
False
Is 69 a factor of 661020?
True
Is 184 a factor of 630936?
True
Does 181 divide 129234?
True
Is 39 a factor of 729183?
True
Is 19 a factor of 578360?
True
Does 17 divide 12715065?
True
Is 1980319 a multiple of 392?
False
Is 35020 a multiple of 4?
True
Is 113130 a multiple of 6?
True
Is 25 a factor of 19539477?
False
Is 11960434 a multiple of 1954?
True
Is 12 a factor of 309708?
True
Is 3801548 a multiple of 47?
True
Is 66 a factor of 1863585?
False
Is 1398 a factor of 2442755?
False
Is 20504 a multiple of 88?
True
Is 919820 a multiple of 226?
True
Does 14 divide 878889?
False
Is 77 a factor of 334115?
False
Is 14063964 a multiple of 202?
False
Does 12 divide 5454660?
True
Is 21306 a multiple of 61?
False
Is 309375 a multiple of 125?
True
Is 271 a factor of 774247?
True
Is 711320 a multiple of 20?
True
Is 19 a factor of 4540240?
True
Does 50 divide 72500?
True
Is 22 a factor of 204448?
False
Is 6 a factor of 1624902?
True
Is 38 a factor of 1243275?
False
Does 354 divide 895887?
False
Does 295 divide 2144422?
False
Does 106 divide 141567?
False
Is 81276 a multiple of 52?
True
Is 460975 a multiple of 24?
False
Is 181 a factor of 10986338?
True
Does 17 divide 1512501?
False
Is 976224 a multiple of 12?
True
Does 58 divide 8627272?
False
Is 392 a factor of 2667560?
True
Does 20 divide 215700?
True
Is 697433 a multiple of 9?
False
Is 11 a factor of 225579?
False
Is 3 a factor of 1346740?
False
Is 1117 a factor of 2193788?
True
Does 172 divide 258805?
False
Does 35 divide 1399438?
False
Is 703 a factor of 7761120?
True
Is 205 a factor of 2815005?
False
Is 5 a factor of 31152?
False
Is 18 a factor of 435489?
False
Does 3 divide 1559166?
True
Does 18 divide 3594564?
True
Is 27 a factor of 22376816?
False
Is 1325 a factor of 3554975?
True
Is 69 a factor of 69720?
False
Is 4 a factor of 77480?
True
Is 3961482 a multiple of 21?
True
Is 8 a factor of 13254?
False
Is 6 a factor of 37992?
True
Is 151 a factor of 576400?
False
Is 4 a factor of 269975?
False
Is 264800 a multiple of 504?
False
Is 3519780 a multiple of 55?
True
Does 2 divide 15852?
True
Does 12 divide 27338?
False
Is 170 a factor of 555050?
True
Does 29 divide 719316?
True
Does 4 divide 104310?
False
Is 502110 a multiple of 18?
True
Is 97604 a multiple of 13?
True
Does 3 divide 25073?
False
Is 536 a factor of 11454966?
False
Is 32 a factor of 530528?
True
Is 641002 a multiple of 34?
True
Is 178 a factor of 4628?
True
Is 338269 a multiple of 51?
False
Is 3405900 a multiple of 75?
True
Is 66161 a multiple of 313?
False
Is 40 a factor of 17537411?
False
Does 43 divide 480998?
True
Is 18 a factor of 727794?
True
Does 207 divide 1806903?
True
Is 125 a factor of 52323?
False
Is 7 a factor of 8436?
False
Is 53 a factor of 73087?
True
Is 307812 a multiple of 368?
False
Is 84 a factor of 357840?
True
Is 619475 a multiple of 109?
False
Is 12 a factor of 596772?
True
Is 80 a factor of 50002?
False
Is 625821 a multiple of 51?
True
Does 34 divide 3938288?
True
Is 10283448 a multiple of 42?
True
Does 54 divide 4538592?
True
Is 37752704 a multiple of 22?
True
Does 5 divide 62772?
False
Is 711 a factor of 3602187?
False
Is 1